q, 0 = 3*q - 4*y - 17. Let v(w) = -3*w + 28. Determine v(q).
7
Suppose -3 = -2*z - 2*t - 9, -5*t - 17 = 3*z. Let n(q) = 0*q**2 + 0*q**2 - 5*q**2. Determine n(z).
-5
Let p(v) be the first derivative of 7*v**4/12 - v**3/6 + v**2/2 - 11*v - 6. Let b(j) be the first derivative of p(j). Calculate b(1).
7
Let g(j) = 4*j**2 + 4*j + 7. Let h(d) = -d**2 - d - 1. Let c(l) = g(l) + 5*h(l). Determine c(0).
2
Let q(n) be the second derivative of -n**6/120 - 7*n**5/60 - n**4/4 + 5*n**3/6 + 3*n**2/2 + 15*n. Let d(c) be the first derivative of q(c). Calculate d(-5).
-15
Let w(g) = g + 89 - 31 - 37 - 34. Calculate w(14).
1
Let n(y) be the third derivative of 0 - 1/60*y**5 + 14*y**2 + 0*y - 1/24*y**4 - 2/3*y**3. Calculate n(0).
-4
Let p(r) = 3*r**2 - 15*r - 9. Let b(i) = 5*i**2 - 23*i - 13. Let w be -2 - (3 + 0 + 0). Let g(j) = w*b(j) + 8*p(j). What is g(-5)?
-7
Let j(v) = -v**2 + 15*v - 8. Let q(l) = -29*l + 912. Let a be q(31). What is j(a)?
18
Let s(g) = 4*g + 14. Suppose 0 = -41*j + 58*j + 136. Determine s(j).
-18
Let t(j) = 15*j + 22. Let g = -1707 - -1705. What is t(g)?
-8
Let k be (-27)/4 - (-6)/8. Let c be 6/9 + (-38)/k. Let z(i) = -i**3 + 7*i**2 - i + 5. Give z(c).
-2
Suppose -b - 2*o = -11, -4*b + 4*o = -3*b + 7. Suppose -b*r = -4*r - 6. Let i(t) = 2*t - 19. Let h(x) = -x + 10. Let m(k) = 5*h(k) + 3*i(k). Determine m(r).
-1
Let k(m) = m - 2. Let x(l) = l**3 + 8*l**2 + 17*l + 10. Let w be x(-5). Determine k(w).
-2
Suppose -2*s + 8 = -0*s. Let o be 1/2 - 6/s. Let x be o*(-8)/(-4) + 2. Let j(n) = n + 5. What is j(x)?
5
Let d(k) = k**2 + 11*k + 23. Let y be d(-9). Let n(g) = 2*g + 3. Determine n(y).
13
Let u = 429 + -424. Let w(d) be the third derivative of -4*d**2 + 0 + 1/3*d**3 + 1/60*d**u + 5/24*d**4 + 0*d. Determine w(-3).
-4
Let x(b) = 9 + 2 - 2*b - 65 + 43. Give x(8).
-27
Let z be -3*(-8)/18*3. Let r(k) be the third derivative of 0 - 45*k**2 + 1/8*k**4 + 0*k - 1/2*k**3. Determine r(z).
9
Let b(s) = s**3 - 8*s**2 + 6*s - 3. Let q be (2/(-3) + (-920)/(-120))*1. Determine b(q).
-10
Let l(n) = 11*n**2 + 1. Let p = 35 + 11. Let a = p + -47. Calculate l(a).
12
Let m(j) be the second derivative of j**3/2 + 4*j**2 - j + 1. What is m(11)?
41
Let q(r) be the second derivative of r**3/6 + r**2 + 80*r. What is q(5)?
7
Let g be 9 - 8/(8/4). Let f(o) = o**3 - 6*o**2 + 2*o + 7. What is f(g)?
-8
Suppose -4*i = i - 4*s - 37, -3*i - 3*s = -6. Let b(o) = -i + 80*o + o**2 - 80*o. Give b(0).
-5
Let b(j) = -j**3 + 3*j**2 - 3*j - 4. Let f(m) = 2*m**2 + 4*m - 5. Let a(o) = 3*o**2 + 5*o - 6. Let s(q) = 4*a(q) - 5*f(q). Let r be s(1). Determine b(r).
-13
Suppose -5*f + 23 = -u - 41, -2*f = -4*u - 22. Let m(x) = 16*x + 4 - 15*x - f. Let z be 0 + (-5)/(1/(-1)). What is m(z)?
-4
Let p(w) = -w + 2. Let h(b) = 23. Let u(m) = -h(m) - 3*p(m). Determine u(10).
1
Let d(l) = 17*l. Suppose 5*z - 9*f - 40 = -4*f, -2*f = 8. Suppose i = 5*i - z. Calculate d(i).
17
Let z be ((-3)/(-2))/((-1)/2). Let o(v) = -v - 1. Let y(p) = 4*p + 4. Let h(t) = -10*o(t) - 3*y(t). What is h(z)?
4
Let a = -41 + 44. Let r(s) = s**3 + s**2 + 0 + 3 + a*s**2. What is r(-3)?
12
Suppose 5*z - 3*l = 10, 2 = -11*z + 12*z + 2*l. Let n(i) = -23*i + 2. Calculate n(z).
-44
Let w(c) be the first derivative of -1/30*c**6 + 3 - 1/60*c**5 - 5*c**2 + 1/24*c**4 - 1/6*c**3 + 0*c. Let d(r) be the second derivative of w(r). Calculate d(1).
-5
Suppose 0*x - 5*p = 4*x - 11, 3*x + 3*p = 12. Suppose x = s + 10. Let g(z) = 2*z**2 - 2*z - 1. What is g(s)?
3
Let v(h) be the second derivative of h**3/6 - 2*h**2 + 33*h. Determine v(-5).
-9
Let t be (-3)/(-2)*7/(63/30). Suppose -3*v - 7 = -t*i, 7*v - 3*v = -i + 6. Let g(j) = 1 + 2*j - 4 - j**3 - 2*j**2 + 2. Determine g(v).
-2
Let t(r) be the third derivative of r**7/5040 + r**6/360 + 3*r**5/20 + 11*r**2. Let j(n) be the third derivative of t(n). Let x = -11 + 17. What is j(x)?
8
Let k(d) = -2*d + 5*d + 9 - d**2 + 3*d. Let a be k(7). Let g(c) = -8*c**3 - 5*c**3 + a + 4*c - 2*c - 1. Give g(-1).
12
Let j(h) = -5*h - 5*h + 11*h + 8. Let o(f) = -3*f**3 + f**2 + 4*f - 3. Let r be o(2). Let a = 9 + r. What is j(a)?
2
Suppose 32*d - 10*d - 198 = 0. Let c = 10 + -7. Suppose -12 = c*a, 1 = 4*t + 4*a + d. Let x(u) = -2*u**2 + 2*u + 1. What is x(t)?
-3
Suppose 92*n - 81*n = 11. Let i(b) = -3*b**2 - b. Calculate i(n).
-4
Let y(k) = -k**2 - 7*k - 2. Let o = -60 - -123. Let m be (-2)/(7/(o/(-6))). Suppose m*w + 13 = 1. Give y(w).
10
Let x be 4/((-80)/12 - -6). Let c(l) = l**2 + 5*l + 1. What is c(x)?
7
Let o(w) be the second derivative of 4*w**3 + 2*w + 98. Calculate o(-1).
-24
Let d(r) = r**2 - 6*r + 5. Let h = 40 - 57. Let v = h + -23. Let c be (-1)/(-5) - 232/v. Calculate d(c).
5
Let y(n) = n**3 + 6*n**2 + 4*n - 8. Suppose -49*t = 6*t + 275. Give y(t).
-3
Let y(p) = p**3 + 7*p**2 + 6*p + 2. Suppose 3*m = -m - 3*j + 47, 0 = m + 2*j - 8. Suppose 7*c + 21 = -m. Calculate y(c).
22
Suppose 5*s = 5*a - 20, 5*s = 4*a + 1 - 19. Let w(m) = -8*m**a - 7*m**2 + 4 + 18*m**2 + 6*m - 2*m**2. Determine w(-3).
-5
Let v(m) = -m + 1. Let t(q) = 5*q**2 - 8*q + 5. Let z(h) = 6*h**2 - 9*h + 6. Let g(b) = 7*t(b) - 6*z(b). Let w be g(0). Give v(w).
2
Suppose -5*x + 25 = -5*v, -2*v + 19 = 3*x - 1. Let q(t) = 2*t**2 + 3*t - 5. Let s(f) = 2 - f - 1 + 0. Let r(h) = x*s(h) + q(h). Determine r(2).
3
Let t(m) be the first derivative of -4 - 1/4*m**4 + 6*m + 3/2*m**2 - 4/3*m**3. Give t(-5).
16
Let k(s) be the second derivative of 0 - 1/2*s**3 - 1/2*s**2 - 1/12*s**4 + 5*s. Suppose u = -2*u - 3*q, -4*u + 2*q - 24 = 0. Determine k(u).
-5
Let z(g) = -3 + 25*g**2 - 4*g + g + g - 24*g**2 + 3*g. Let w = 6 - 9. Determine z(w).
3
Let x(b) = -6*b + 13. Let p(n) = -n + 1. Let g(q) = -5*p(q) + x(q). Suppose -570*s + 569*s = -3*v + 17, -3*v - s + 31 = 0. Give g(v).
0
Let n(w) be the first derivative of w**3/3 + w**2/2 + 2*w - 53. Determine n(-2).
4
Let y(o) = 3*o + 2. Let q be (0/2)/((-18)/(-6)). Suppose q = -3*k - k + 52. Suppose -k + 5 = 4*f. Determine y(f).
-4
Let f(a) = -5*a**2 - 4*a + 35. Let d(m) = 2*m**2 + 2*m - 13. Let t(b) = 8*d(b) + 3*f(b). Calculate t(-3).
-2
Let f(v) = -6*v**2 - v. Let y be ((-20)/(-15))/((-8)/(-6)). Give f(y).
-7
Suppose -12*m + 95 = -13*m. Let t = 84 + m. Let z(g) = -g**3 - 10*g**2 + 11*g. Calculate z(t).
0
Let x(v) = -v - 4. Let w be x(2). Let o(h) = -6*h - 39. Give o(w).
-3
Let v(f) = 2*f**3 - f**2 - f. Let z(g) = -3*g**3 + 3*g**2 + 3*g + 32. Let a(c) = -2*v(c) - z(c). Determine a(0).
-32
Let f(v) = 0*v**3 + 14*v**2 + 15 - 36*v**2 + 13*v**2 + v**3 + 15*v**2 + 2*v. What is f(-6)?
3
Let i(q) = -2*q - 13. Let d = 1526 - 1537. What is i(d)?
9
Let y be (-460)/15*-3 + 4. Let c(r) = -y + 179 - 87 - r. What is c(-7)?
3
Let c(u) = 3*u**3 + 5*u**2 - 2*u - 7. Let v(p) = -2*p**3 + 1. Let d(a) = -c(a) - 2*v(a). What is d(4)?
-3
Let r(z) = -z**3 - z + 2. Let t be r(0). Let k(s) = -s - s**3 + t - 4*s + 8*s**2 - 2*s. Suppose 5*x - 3*b = 29, -5*x = -4*b - 82 + 55. Calculate k(x).
2
Let z(v) = v**2 - 20*v - 67. Let p be z(23). Let f(x) = -4*x**2 + 2*x - 1. Let s(m) = 5*m**2 - 2*m. Let g(y) = 3*f(y) + 2*s(y). Give g(p).
-7
Let s(f) = -4 + 25 - f**2 + 0*f - 8 - 9 - 13*f. Give s(-6).
46
Let o be -3 - 4/((-40)/70). Let h(b) = 2*b - 7. Determine h(o).
1
Let t(f) = f**2. Let l(h) = -3*h + 2. Let x(s) = -l(s) - 2*t(s). Let u be 44/20 + (-1)/5. Give x(u).
-4
Let r be (1 - (-14)/(-6))/((-14)/(-84)). Let q(i) = i**2 + 12*i + 8. What is q(r)?
-24
Let r = 45 - 92. Let z = r + 44. Let q(f) = f**3 + f**2 - 4*f + 1. What is q(z)?
-5
Let l(p) = p**2 - 5*p - 3. Let r be l(4). Let h(w) = 4*w**3 + 11*w**2 + 12*w + 9. Let n(j) = -j**3 - j**2 - j - 1. Let z(x) = -h(x) - 3*n(x). Give z(r).
8
Let i be 1/(2/(-6)*1). Let a(b) = -3*b**2 + 3*b + 1. Suppose 5*z - 4 = -4*c + 5, 15 = 3*z. Let h(m) = -m**2. Let l(y) = c*h(y) + a(y). Determine l(i).
1
Let l(t) = 2*t - 5. Let w(u) = 3*u + 44. Let v be w(-9). Let o = 23 - v. Calculate l(o).
7
Let b(q) be the second derivative of -q**4/12 - 7*q**3/3 - 14*q**2 + 23*q - 1. Let j(f) be the first derivative of b(f). Calculate j(-9).
4
Let k(y) = 8*y - 5. Let m(v) be the second derivative of 5*v**3/2 - 9*v**2/2 + v. Let r = 19 - 25. Let t(x) = r*m(x) + 11*k(x). What is t(-4)?
7
Suppose -4*w + 0 - 12 = 0, -2*w = 5*x - 34. Let d(h) = -h**2 + 5*h - 1. Calculate d(x).
-25
Let g(w) = 24 - 14 - 13 - 11 - w**2 + 13*w. Ca